{"id":3,"date":"2023-04-17T15:05:19","date_gmt":"2023-04-17T13:05:19","guid":{"rendered":"https:\/\/larecycle.fr?page_id=3"},"modified":"2024-02-18T17:39:44","modified_gmt":"2024-02-18T16:39:44","slug":"politique-de-confidentialite","status":"publish","type":"page","link":"https:\/\/larecycle.fr\/?page_id=3","title":{"rendered":"Politique de confidentialit\u00e9"},"content":{"rendered":"\n<h2 class=\"wp-block-heading\"><br>1 &#8211; \u00c9dition du site<\/h2>\n\n\n\n<p>En vertu de&nbsp;<a href=\"https:\/\/www.legifrance.gouv.fr\/affichTexte.do?cidTexte=JORFTEXT000000801164#LEGIARTI000042038977\" target=\"_blank\" rel=\"noreferrer noopener\">l&rsquo;article 6 de la loi n\u00b0 2004-575 du 21 juin 2004<\/a>&nbsp;pour la confiance dans l&rsquo;\u00e9conomie num\u00e9rique, il est pr\u00e9cis\u00e9 aux utilisateurs du site internet&nbsp;<strong>https:\/\/larecycle.fr<\/strong>&nbsp;l&rsquo;identit\u00e9 des diff\u00e9rents intervenants dans le cadre de sa r\u00e9alisation et de son suivi:<\/p>\n\n\n\n<p><strong>Propri\u00e9taire du site :&nbsp;<\/strong>Association la reCycle&nbsp;&#8211; Contact :&nbsp;contact@larecycle.fr&nbsp;&#8211; Adresse :&nbsp;24 rue M\u00e9rigonde, 81100 Castres.<\/p>\n\n\n\n<p><strong>Identification de l&rsquo;entreprise :<\/strong>\u00a0Association loi 1901\u00a0Association la reCycle\u00a0&#8211; Adresse postale :\u00a024 rue M\u00e9rigonde, 81100 Castres\u00a0<\/p>\n\n\n\n<p><strong>H\u00e9bergeur :<\/strong>\u00a0OVH SAS &#8211; 2 rue Kellermann &#8211; BP 80157 &#8211; 59053 Roubaix Cedex 1 &#8211; T\u00e9l\u00e9phone : 1007<\/p>\n\n\n\n<p><strong>Autres contributeurs :<\/strong>\u00a0Photos et conception : Quentin Angely<\/p>\n\n\n\n<hr class=\"wp-block-separator has-alpha-channel-opacity\"\/>\n\n\n\n<h2 class=\"wp-block-heading\">2 &#8211; Propri\u00e9t\u00e9 intellectuelle et contrefa\u00e7ons.<\/h2>\n\n\n\n<p><strong>Association la reCycle<\/strong>&nbsp;est propri\u00e9taire des droits de propri\u00e9t\u00e9 intellectuelle et d\u00e9tient les droits d\u2019usage sur tous les \u00e9l\u00e9ments accessibles sur le site internet, notamment les textes, images, graphismes, logos, vid\u00e9os, architecture, ic\u00f4nes et sons.<\/p>\n\n\n\n<p>Toute reproduction, repr\u00e9sentation, modification, publication, adaptation de tout ou partie des \u00e9l\u00e9ments du site, quel que soit le moyen ou le proc\u00e9d\u00e9 utilis\u00e9, est interdite, sauf autorisation \u00e9crite pr\u00e9alable de&nbsp;<strong>Association la reCycle<\/strong>.<\/p>\n\n\n\n<p>Toute exploitation non autoris\u00e9e du site ou de l\u2019un quelconque des \u00e9l\u00e9ments qu\u2019il contient sera consid\u00e9r\u00e9e comme constitutive d\u2019une contrefa\u00e7on et poursuivie conform\u00e9ment aux dispositions des articles&nbsp;<a href=\"https:\/\/www.legifrance.gouv.fr\/affichCodeArticle.do?idArticle=LEGIARTI000032655082&amp;cidTexte=LEGITEXT000006069414&amp;dateTexte=20160605\" target=\"_blank\" rel=\"noreferrer noopener\">L.335-2 et suivants du Code de Propri\u00e9t\u00e9 Intellectuelle<\/a>.<\/p>\n\n\n\n<hr class=\"wp-block-separator has-alpha-channel-opacity\"\/>\n\n\n\n<h2 class=\"wp-block-heading\">3 &#8211; Limitations de responsabilit\u00e9.<\/h2>\n\n\n\n<p><strong>Association la reCycle<\/strong>&nbsp;ne pourra \u00eatre tenu pour responsable des dommages directs et indirects caus\u00e9s au mat\u00e9riel de l\u2019utilisateur, lors de l\u2019acc\u00e8s au site&nbsp;<strong>https:\/\/larecycle.fr<\/strong>.<\/p>\n\n\n\n<p><strong>Association la reCycle<\/strong>&nbsp;d\u00e9cline toute responsabilit\u00e9 quant \u00e0 l\u2019utilisation qui pourrait \u00eatre faite des informations et contenus pr\u00e9sents sur&nbsp;<strong>https:\/\/larecycle.fr<\/strong>.<\/p>\n\n\n\n<p><strong>Association la reCycle<\/strong>\u00a0s\u2019engage \u00e0 s\u00e9curiser au mieux le site\u00a0<strong>https:\/\/larecycle.fr<\/strong>, cependant sa responsabilit\u00e9 ne pourra \u00eatre mise en cause si des donn\u00e9es ind\u00e9sirables sont import\u00e9es et install\u00e9es sur son site \u00e0 son insu.<\/p>\n\n\n\n<p>Le cas \u00e9ch\u00e9ant,&nbsp;<strong>Association la reCycle<\/strong>&nbsp;se r\u00e9serve \u00e9galement la possibilit\u00e9 de mettre en cause la responsabilit\u00e9 civile et\/ou p\u00e9nale de l\u2019utilisateur, notamment en cas de message \u00e0 caract\u00e8re raciste, injurieux, diffamant, ou pornographique, quel que soit le support utilis\u00e9 (texte, photographie \u2026).<\/p>\n\n\n\n<hr class=\"wp-block-separator has-alpha-channel-opacity\"\/>\n\n\n\n<h2 class=\"wp-block-heading\">4 &#8211; CNIL et gestion des donn\u00e9es personnelles.<\/h2>\n\n\n\n<p>Conform\u00e9ment aux dispositions de\u00a0<a href=\"https:\/\/www.legifrance.gouv.fr\/affichTexte.do?cidTexte=JORFTEXT000000886460\" target=\"_blank\" rel=\"noreferrer noopener\">la loi 78-17 du 6 janvier 1978 modifi\u00e9e<\/a>, l\u2019utilisateur du site\u00a0<strong>https:\/\/larecycle.fr<\/strong>\u00a0dispose d\u2019un droit d\u2019acc\u00e8s, de modification et de suppression des informations collect\u00e9es. Pour exercer ce droit, envoyez un message \u00e0 notre D\u00e9l\u00e9gu\u00e9 \u00e0 la Protection des Donn\u00e9es :\u00a0&#8211;\u00a0Anthony Escoffier &#8211; contact@larecycle.fr.<\/p>\n\n\n\n<hr class=\"wp-block-separator has-alpha-channel-opacity\"\/>\n\n\n\n<h2 class=\"wp-block-heading\">5 &#8211; Liens hypertextes et cookies<\/h2>\n\n\n\n<p>Le site\u00a0<strong>https:\/\/larecycle.fr<\/strong>\u00a0ne conserve pas de cookies.<\/p>\n\n\n\n<hr class=\"wp-block-separator has-alpha-channel-opacity\"\/>\n\n\n\n<h2 class=\"wp-block-heading\">6 &#8211; Droit applicable et attribution de juridiction.<\/h2>\n\n\n\n<p>Tout litige en relation avec l\u2019utilisation du site&nbsp;<strong>https:\/\/larecycle.fr<\/strong>&nbsp;est soumis au droit fran\u00e7ais. En dehors des cas o\u00f9 la loi ne le permet pas, il est fait attribution exclusive de juridiction aux tribunaux comp\u00e9tents de&nbsp;<strong><\/strong>.<\/p>\n","protected":false},"excerpt":{"rendered":"<p>1 &#8211; \u00c9dition du site En vertu de&nbsp;l&rsquo;article 6 de la loi n\u00b0 2004-575 du 21 juin 2004&nbsp;pour la confiance dans l&rsquo;\u00e9conomie num\u00e9rique, il est pr\u00e9cis\u00e9 aux utilisateurs du site internet&nbsp;https:\/\/larecycle.fr&nbsp;l&rsquo;identit\u00e9 des diff\u00e9rents intervenants dans le cadre de sa r\u00e9alisation et de son suivi: Propri\u00e9taire du site :&nbsp;Association la reCycle&nbsp;&#8211; Contact :&nbsp;contact@larecycle.fr&nbsp;&#8211; Adresse :&nbsp;24 rue [&hellip;]<\/p>\n","protected":false},"author":1,"featured_media":0,"parent":0,"menu_order":0,"comment_status":"closed","ping_status":"open","template":"","meta":{"footnotes":""},"class_list":["post-3","page","type-page","status-publish","hentry"],"_links":{"self":[{"href":"https:\/\/larecycle.fr\/index.php?rest_route=\/wp\/v2\/pages\/3","targetHints":{"allow":["GET"]}}],"collection":[{"href":"https:\/\/larecycle.fr\/index.php?rest_route=\/wp\/v2\/pages"}],"about":[{"href":"https:\/\/larecycle.fr\/index.php?rest_route=\/wp\/v2\/types\/page"}],"author":[{"embeddable":true,"href":"https:\/\/larecycle.fr\/index.php?rest_route=\/wp\/v2\/users\/1"}],"replies":[{"embeddable":true,"href":"https:\/\/larecycle.fr\/index.php?rest_route=%2Fwp%2Fv2%2Fcomments&post=3"}],"version-history":[{"count":1,"href":"https:\/\/larecycle.fr\/index.php?rest_route=\/wp\/v2\/pages\/3\/revisions"}],"predecessor-version":[{"id":891,"href":"https:\/\/larecycle.fr\/index.php?rest_route=\/wp\/v2\/pages\/3\/revisions\/891"}],"wp:attachment":[{"href":"https:\/\/larecycle.fr\/index.php?rest_route=%2Fwp%2Fv2%2Fmedia&parent=3"}],"curies":[{"name":"wp","href":"https:\/\/api.w.org\/{rel}","templated":true}]}}

Politique de confidentialité

<h2 class="wp-block-heading"><br>1 &#8211; Édition du site</h2>



<p>En vertu de&nbsp;<a href="https://www.legifrance.gouv.fr/affichTexte.do?cidTexte=JORFTEXT000000801164#LEGIARTI000042038977" target="_blank" rel="noreferrer noopener">l&rsquo;article 6 de la loi n° 2004-575 du 21 juin 2004</a>&nbsp;pour la confiance dans l&rsquo;économie numérique, il est précisé aux utilisateurs du site internet&nbsp;<strong>https://larecycle.fr</strong>&nbsp;l&rsquo;identité des différents intervenants dans le cadre de sa réalisation et de son suivi:</p>



<p><strong>Propriétaire du site :&nbsp;</strong>Association la reCycle&nbsp;&#8211; Contact :&nbsp;contact@larecycle.fr&nbsp;&#8211; Adresse :&nbsp;24 rue Mérigonde, 81100 Castres.</p>



<p><strong>Identification de l&rsquo;entreprise :</strong> Association loi 1901 Association la reCycle &#8211; Adresse postale : 24 rue Mérigonde, 81100 Castres </p>



<p><strong>Hébergeur :</strong> OVH SAS &#8211; 2 rue Kellermann &#8211; BP 80157 &#8211; 59053 Roubaix Cedex 1 &#8211; Téléphone : 1007</p>



<p><strong>Autres contributeurs :</strong> Photos et conception : Quentin Angely</p>



<hr class="wp-block-separator has-alpha-channel-opacity"/>



<h2 class="wp-block-heading">2 &#8211; Propriété intellectuelle et contrefaçons.</h2>



<p><strong>Association la reCycle</strong>&nbsp;est propriétaire des droits de propriété intellectuelle et détient les droits d’usage sur tous les éléments accessibles sur le site internet, notamment les textes, images, graphismes, logos, vidéos, architecture, icônes et sons.</p>



<p>Toute reproduction, représentation, modification, publication, adaptation de tout ou partie des éléments du site, quel que soit le moyen ou le procédé utilisé, est interdite, sauf autorisation écrite préalable de&nbsp;<strong>Association la reCycle</strong>.</p>



<p>Toute exploitation non autorisée du site ou de l’un quelconque des éléments qu’il contient sera considérée comme constitutive d’une contrefaçon et poursuivie conformément aux dispositions des articles&nbsp;<a href="https://www.legifrance.gouv.fr/affichCodeArticle.do?idArticle=LEGIARTI000032655082&amp;cidTexte=LEGITEXT000006069414&amp;dateTexte=20160605" target="_blank" rel="noreferrer noopener">L.335-2 et suivants du Code de Propriété Intellectuelle</a>.</p>



<hr class="wp-block-separator has-alpha-channel-opacity"/>



<h2 class="wp-block-heading">3 &#8211; Limitations de responsabilité.</h2>



<p><strong>Association la reCycle</strong>&nbsp;ne pourra être tenu pour responsable des dommages directs et indirects causés au matériel de l’utilisateur, lors de l’accès au site&nbsp;<strong>https://larecycle.fr</strong>.</p>



<p><strong>Association la reCycle</strong>&nbsp;décline toute responsabilité quant à l’utilisation qui pourrait être faite des informations et contenus présents sur&nbsp;<strong>https://larecycle.fr</strong>.</p>



<p><strong>Association la reCycle</strong> s’engage à sécuriser au mieux le site <strong>https://larecycle.fr</strong>, cependant sa responsabilité ne pourra être mise en cause si des données indésirables sont importées et installées sur son site à son insu.</p>



<p>Le cas échéant,&nbsp;<strong>Association la reCycle</strong>&nbsp;se réserve également la possibilité de mettre en cause la responsabilité civile et/ou pénale de l’utilisateur, notamment en cas de message à caractère raciste, injurieux, diffamant, ou pornographique, quel que soit le support utilisé (texte, photographie …).</p>



<hr class="wp-block-separator has-alpha-channel-opacity"/>



<h2 class="wp-block-heading">4 &#8211; CNIL et gestion des données personnelles.</h2>



<p>Conformément aux dispositions de <a href="https://www.legifrance.gouv.fr/affichTexte.do?cidTexte=JORFTEXT000000886460" target="_blank" rel="noreferrer noopener">la loi 78-17 du 6 janvier 1978 modifiée</a>, l’utilisateur du site <strong>https://larecycle.fr</strong> dispose d’un droit d’accès, de modification et de suppression des informations collectées. Pour exercer ce droit, envoyez un message à notre Délégué à la Protection des Données : &#8211; Anthony Escoffier &#8211; contact@larecycle.fr.</p>



<hr class="wp-block-separator has-alpha-channel-opacity"/>



<h2 class="wp-block-heading">5 &#8211; Liens hypertextes et cookies</h2>



<p>Le site <strong>https://larecycle.fr</strong> ne conserve pas de cookies.</p>



<hr class="wp-block-separator has-alpha-channel-opacity"/>



<h2 class="wp-block-heading">6 &#8211; Droit applicable et attribution de juridiction.</h2>



<p>Tout litige en relation avec l’utilisation du site&nbsp;<strong>https://larecycle.fr</strong>&nbsp;est soumis au droit français. En dehors des cas où la loi ne le permet pas, il est fait attribution exclusive de juridiction aux tribunaux compétents de&nbsp;<strong></strong>.</p>

<p>1 &#8211; Édition du site En vertu de&nbsp;l&rsquo;article 6 de la loi n° 2004-575 du 21 juin 2004&nbsp;pour la confiance dans l&rsquo;économie numérique, il est précisé aux utilisateurs du site internet&nbsp;https://larecycle.fr&nbsp;l&rsquo;identité des différents intervenants dans le cadre de sa réalisation et de son suivi: Propriétaire du site :&nbsp;Association la reCycle&nbsp;&#8211; Contact :&nbsp;contact@larecycle.fr&nbsp;&#8211; Adresse :&nbsp;24 rue [&hellip;]</p>
